ime factors of a?
2, 3
Let n = 13 - 9. Suppose 2*h = 3*v + 2*v - 11, -n = -4*v + 4*h. Suppose -26 = -v*u + 16. What are the prime factors of u?
2, 7
Let r(t) = 121*t - 4. Let b be r(1). Suppose v = 3*f + 59, -5*v + 5*f = -b - 168. What are the prime factors of v?
2, 7
Let g = -54 - -71. Let y(k) = k**3 - 16*k**2 - 14*k + 31. What are the prime factors of y(g)?
2, 41
Suppose -2*s = -0*d - d - 203, d + 207 = 3*s. Let o = 7 - d. What are the prime factors of o?
2, 101
Suppose -4*a = -h - 2246 + 918, -2*a + 650 = -4*h. List the prime factors of a.
3, 37
Suppose 0 = y - 4*y + 3468. Let t be y/(-16) + (-1)/(-4). Let f = -41 - t. List the prime factors of f.
31
Let r(f) = f**3 + 14*f**2 + 13*f + 8. Let i be r(-12). Suppose -4*x - 3*s + i = 0, -4*x - 5*s + 46 = -102. What are the prime factors of x?
2
What are the prime factors of (-1026)/(-2) + (29 - 31)?
7, 73
Suppose 0 = -3*p + 2*p - 112. What are the prime factors of (7/2 - 4)*p?
2, 7
Suppose 10*p = 4764 + 3096. What are the prime factors of p?
2, 3, 131
Suppose -12 = t - 0. Let a = t + 12. Suppose -4*m + 0*m + 92 = a. List the prime factors of m.
23
Suppose -5*c = -22 + 7. Let t(h) = h - 6*h + c*h. What are the prime factors of t(-4)?
2
Suppose 2*u + 9 - 1 = 0. What are the prime factors of (u - -4)/(-1) + 5?
5
Let k(m) = 3*m**2 - 4*m - 14. Let d be k(11). Suppose 2*w = 2*s - 118, 0 = -5*s - 0*w + 3*w + d. Suppose 4*c = 6*c - s. What are the prime factors of c?
2
Let b = 123 - 63. Suppose -d + b + 64 = 0. Suppose 3*l - d = -l. List the prime factors of l.
31
Let f be ((-66)/(-18) + -7)/(4/(-18)). Let m be (3 - 2 - -2) + 6. Let s = f + m. What are the prime factors of s?
2, 3
Let g(f) = 4*f**2 + 20*f + 3. Let p be g(-5). Suppose 931 = -2*d + 7*d - p*q, -4*d + 738 = q. What are the prime factors of d?
5, 37
Let j be -3 + (-3 - (0 + -3)). Let r = j - -3. Suppose r = -6*c + 5*c + 25. List the prime factors of c.
5
Suppose 34*p + 120*p - 945406 = 0. What are the prime factors of p?
7, 877
Let v(p) = 7*p**3 - p**2 + 7*p - 8. Let h(a) = -6*a**3 - 6*a + 7. Let k(x) = 6*h(x) + 5*v(x). Let w = -8 - -2. What are the prime factors of k(w)?
2, 11
Let i(m) = 3 - 3 - 1 - 6 + 8*m. What are the prime factors of i(15)?
113
Let w = 4133 - 2032. What are the prime factors of w?
11, 191
Let v be 1 - -3 - 0 - -1. Suppose 5*x + 3*h + 3 = 5, -5*h - 1 = 4*x. Suppose -s + 5 = -3*f, 2*f + x = v. What are the prime factors of s?
11
Let f = 3006 - 2357. What are the prime factors of f?
11, 59
Let k be -2*(1*(5 - 2) + -9). Let a(l) = -6*l**3 + l - 1. Let f be a(1). Let u = k + f. List the prime factors of u.
2, 3
Let f = -143 - -488. List the prime factors of f.
3, 5, 23
Suppose 0 = 12*x - 15*x + 12. Suppose 0 = b + v - 49 - 56, -b = -x*v - 100. List the prime factors of b.
2, 13
Suppose 0 = 5*w + d + 2*d + 5, 4*d = -3*w - 14. Suppose 2 - 17 = -5*h. Suppose -w*j = 4*c + 1 - h, -2*c + 3*j + 21 = 0. What are the prime factors of c?
3
Suppose -5*i - 34 = -2*j, -j + 10 = i - 0. Let c be j/48 - (-18)/(-8). List the prime factors of c/(-12) + 413/42.
2, 5
Suppose 0*m - 3*m = -3. Let s(a) = 5*a**2 + 2*a - 2. Let j be s(m). Suppose -3*o - 3*r = -o - 25, 0 = -j*o - r + 30. What are the prime factors of o?
5
Let d(n) = 2*n - 10. Let r be d(6). Let i(j) = j + 2*j - j + 13 + r*j. What are the prime factors of i(3)?
5
Let i(m) be the first derivative of -17/2*m**2 - 7 - 1/4*m**4 - m - 14/3*m**3. What are the prime factors of i(-13)?
3, 17
Let m(f) = 127*f - 23. List the prime factors of m(3).
2, 179
Suppose 0*d + 2*d + 5*l - 30 = 0, -2*l = -8. Suppose k + 276 - 67 = d*w, 0 = -3*w - 2*k + 115. What are the prime factors of w?
41
Let l(x) = x + 15. Let n be l(-6). Let q = 11 - n. What are the prime factors of 37 - q - (-4 - -1)?
2, 19
Let y(p) = 2*p**3 - 9*p**2 - 5*p - 18. List the prime factors of y(9).
2, 3, 37
Let i be 1486/10 + (-18)/30. Suppose 2*z = -2*p + i, 74 = p - 5*z - 18. What are the prime factors of p?
7, 11
Suppose -4*m + 17217 = 3*u, -3*u + 2174 = m - 15043. List the prime factors of u.
3, 1913
Suppose -7 = 5*b - 2, 0 = -5*j + 3*b + 103. Suppose -3*y - 5 + j = 0. Let z = 30 - y. What are the prime factors of z?
5
Suppose -19*z + 8499 - 253 = 0. List the prime factors of z.
2, 7, 31
Let h = -190 + 118. Let t be h/2*50/30. Let l = -37 - t. List the prime factors of l.
23
Let x = -61 - -73. List the prime factors of (-4*(-2)/x)/((-5)/(-420)).
2, 7
Let k = -10 - -34. Let t(f) = 4*f**2 - 2*f. Let h be t(4). Let z = h - k. What are the prime factors of z?
2
Let v = -4 + 9. Suppose 0 = -4*p - v - 3. What are the prime factors of p - -56 - (-1 - -4)?
3, 17
Let h = -23 - -87. List the prime factors of h.
2
Suppose 4*g = -0*a - 4*a + 172, -3*g + 3*a + 99 = 0. Suppose -9*w - g = -11*w. Suppose -h - 3*z + w = 0, -4*h - 3*z = -z - 116. List the prime factors of h.
31
Let j(b) = 3*b**3 + 44*b**2 - b - 20. Let x(u) = -u**3 - 22*u**2 + 10. Let o(z) = -2*j(z) - 5*x(z). List the prime factors of o(22).
2, 17
Let o(r) = 4*r**2 + r - 21. Let y be o(-7). Suppose -417 = -5*p + y. List the prime factors of p.
3, 13
Let f(y) = 6*y**2 + 20*y - 104. What are the prime factors of f(11)?
2, 421
Let s(o) = -2*o - 6. Let l be s(0). List the prime factors of (-3)/l + 121/2.
61
Let b(i) = -2*i**3 + 2*i**2 - 5*i + 3. Let p be b(-5). Suppose 5*f = f + p. What are the prime factors of f?
2, 41
Suppose 0*s = 5*s + 40. Let z be 7 + (4 + s)*1. Suppose 2*h = z*x + 45, -h + 0*h - 4*x = -50. List the prime factors of h.
2, 3, 5
List the prime factors of (-36)/(-234) + 5393/13.
5, 83
Suppose 34*s = 102014 + 21746. What are the prime factors of s?
2, 5, 7, 13
Let f be (-1 - (-4)/6)/(1/(-9)). Suppose 3*c = -f*k + 306, -c - 101 = 2*k - 306. List the prime factors of k.
103
Let p(u) = 9*u + 2. Let a = 33 + -28. What are the prime factors of p(a)?
47
Let s(m) = -m**3 - 7*m - 4 + 2*m**2 - m**2 - 3*m**2. Let j be -7 - (0/(-1) - 3). List the prime factors of s(j).
2, 7
Let w(k) = -k**3 + 4*k**2 + 6*k - 6. Let b be w(5). Let c be (b - -2)*-1*2. Let r(s) = -5*s + 5. List the prime factors of r(c).
3, 5
Let o = -4 - -3. Let y(i) = -43*i + 1. What are the prime factors of y(o)?
2, 11
List the prime factors of (-52 - -41)*(-2 + -351).
11, 353
Suppose 2*q - 6 = -8*k + 3*k, 5*k - 12 = -4*q. Suppose -m = -q*m. Suppose m = 5*d - 5*z - 155, -44 = 2*d - 4*d - 4*z. List the prime factors of d.
2, 7
Suppose 2*w + 60 = 4*w. Suppose 0 = s + 4*s - w. Suppose -4*k + s*k - 22 = 0. What are the prime factors of k?
11
Let s = 546 + 489. What are the prime factors of s?
3, 5, 23
Let s = 7 + -5. Suppose -s*x - q = x, x = 2*q - 7. What are the prime factors of 5 - (x + 2 - -2)?
2
Suppose -4*u + 0*u + 8 = 0. Suppose u*s - 43 = -13. What are the prime factors of (-350)/s*(-18)/15?
2, 7
Let j be (-4)/16 - (-36)/16. Let f(w) = 3*w - 2. Let n be f(j). Let g(y) = -y + 9. List the prime factors of g(n).
5
Suppose 9*t - 268 = 5*t. Let m = t + 18. What are the prime factors of m?
5, 17
Let w(y) = y**2 + 5*y - 2. Let r be w(-6). Suppose 3*u - r*i = 9, 3*u = -0*u + i + 18. Suppose -u*b + 42 = -5*b. List the prime factors of b.
3, 7
Let w(k) = -8*k - 5. Let f = 31 + -48. Let p = f + 14. List the prime factors of w(p).
19
Let o = -24 - -28. Suppose d + 18 = o*d. Suppose 2*q + 228 = 4*t - 22, 0 = 2*q + d. List the prime factors of t.
61
Suppose 100*x - 106*x = -9000. List the prime factors of x.
2, 3, 5
Suppose 4*b = -r - 24, -r - 4*r = 4*b + 72. Let f be (2 + -8)*10/r. Suppose -2*x = 2, 0 = 4*o + f*x - 158 - 85. List the prime factors of o.
2, 31
Suppose 0 = 5*q - 20, -3*a - 5*q = -q - 2251. Suppose 1295 = 12*i - a. What are the prime factors of i?
2, 5, 17
Let t = -47 + 7. Let k = t - -56. List the prime factors of k - (0 + (-2)/(-2)).
3, 5
Let h(m) = m - 8. Let d be h(8). Suppose d = -x - 2*x. Suppose -5*f + 94 = 3*c, 3*c + x*f = -4*f + 89. List the prime factors of c.
23
Let l = -68 + 593. What are the prime factors of l?
3, 5, 7
Let n(d) = -d**3 - 16*d**2 - 9*d + 12. List the prime factors of n(-17).
2, 227
Suppose 7*n - 9*n = 0. Let x(b) = b**3 + b**2 - b + 26. What are the prime factors of x(n)?
2, 13
Suppose 2*b + 7510 + 3114 = 5*s, -5*s = -b - 10627. What are the prime factors of s?
2, 1063
Let d(x) = 34*x - 22. Let k(b) = 11*b - 7. Let n(p) = -5*d(p) + 16*k(p). What are the prime factors of n(1)